, 3, 97
What are the prime factors of 13010?
2, 5, 1301
What are the prime factors of 5036?
2, 1259
What are the prime factors of 10094?
2, 7, 103
What are the prime factors of 50977?
19, 2683
What are the prime factors of 7860?
2, 3, 5, 131
List the prime factors of 78463.
7, 11, 1019
What are the prime factors of 11002?
2, 5501
List the prime factors of 1913.
1913
List the prime factors of 49983.
3, 16661
List the prime factors of 847.
7, 11
What are the prime factors of 396?
2, 3, 11
List the prime factors of 99825.
3, 5, 11
List the prime factors of 104.
2, 13
List the prime factors of 89050.
2, 5, 13, 137
What are the prime factors of 54821?
13, 4217
List the prime factors of 568.
2, 71
What are the prime factors of 2146?
2, 29, 37
What are the prime factors of 13420?
2, 5, 11, 61
What are the prime factors of 8580?
2, 3, 5, 11, 13
What are the prime factors of 18840?
2, 3, 5, 157
List the prime factors of 8564.
2, 2141
What are the prime factors of 68787?
3, 7643
List the prime factors of 12293.
19, 647
What are the prime factors of 4730?
2, 5, 11, 43
What are the prime factors of 6165?
3, 5, 137
What are the prime factors of 2783?
11, 23
What are the prime factors of 1300?
2, 5, 13
List the prime factors of 1329.
3, 443
What are the prime factors of 2439?
3, 271
List the prime factors of 17959.
17959
List the prime factors of 13525.
5, 541
What are the prime factors of 3466?
2, 1733
List the prime factors of 2.
2
List the prime factors of 7315.
5, 7, 11, 19
What are the prime factors of 2257?
37, 61
What are the prime factors of 1500?
2, 3, 5
What are the prime factors of 4690?
2, 5, 7, 67
List the prime factors of 767.
13, 59
What are the prime factors of 6194?
2, 19, 163
List the prime factors of 4586.
2, 2293
What are the prime factors of 948?
2, 3, 79
List the prime factors of 67.
67
What are the prime factors of 1631?
7, 233
What are the prime factors of 188?
2, 47
What are the prime factors of 131370?
2, 3, 5, 29, 151
List the prime factors of 9748.
2, 2437
List the prime factors of 2593.
2593
What are the prime factors of 910?
2, 5, 7, 13
List the prime factors of 1856.
2, 29
List the prime factors of 127375.
5, 1019
List the prime factors of 3381.
3, 7, 23
What are the prime factors of 513?
3, 19
What are the prime factors of 33405?
3, 5, 17, 131
List the prime factors of 544.
2, 17
What are the prime factors of 381?
3, 127
What are the prime factors of 5731?
11, 521
What are the prime factors of 17045?
5, 7, 487
What are the prime factors of 261?
3, 29
List the prime factors of 34.
2, 17
What are the prime factors of 701?
701
List the prime factors of 20044.
2, 5011
What are the prime factors of 3766?
2, 7, 269
List the prime factors of 1212.
2, 3, 101
What are the prime factors of 415?
5, 83
List the prime factors of 17689.
7, 19
What are the prime factors of 12173?
7, 37, 47
What are the prime factors of 1085?
5, 7, 31
What are the prime factors of 316?
2, 79
List the prime factors of 1290.
2, 3, 5, 43
What are the prime factors of 571?
571
What are the prime factors of 83863?
13, 6451
What are the prime factors of 240?
2, 3, 5
What are the prime factors of 20422?
2, 10211
What are the prime factors of 1415?
5, 283
List the prime factors of 1795.
5, 359
List the prime factors of 14285.
5, 2857
What are the prime factors of 17859?
3, 5953
List the prime factors of 932.
2, 233
List the prime factors of 1091.
1091
What are the prime factors of 51161?
11, 4651
List the prime factors of 16232.
2, 2029
What are the prime factors of 1284?
2, 3, 107
List the prime factors of 2301.
3, 13, 59
List the prime factors of 594.
2, 3, 11
List the prime factors of 6005.
5, 1201
List the prime factors of 61080.
2, 3, 5, 509
List the prime factors of 23666.
2, 11833
What are the prime factors of 1062?
2, 3, 59
What are the prime factors of 929?
929
What are the prime factors of 46621?
23, 2027
List the prime factors of 1031.
1031
What are the prime factors of 599?
599
List the prime factors of 4761.
3, 23
What are the prime factors of 1740?
2, 3, 5, 29
List the prime factors of 146305.
5, 29, 1009
List the prime factors of 9065.
5, 7, 37
List the prime factors of 355.
5, 71
What are the prime factors of 40386?
2, 3, 53, 127
What are the prime factors of 7514?
2, 13, 17
What are the prime factors of 3462?
2, 3, 577
List the prime factors of 18916.
2, 4729
What are the prime factors of 3470?
2, 5, 347
What are the prime factors of 64560?
2, 3, 5, 269
List the prime factors of 2888.
2, 19
List the prime factors of 19832.
2, 37, 67
List the prime factors of 2446.
2, 1223
List the prime factors of 1310.
2, 5, 131
What are the prime factors of 1064?
2, 7, 19
What are the prime factors of 954?
2, 3, 53
List the prime factors of 21962.
2, 79, 139
List the prime factors of 1019.
1019
What are the prime factors of 20589?
3, 6863
What are the prime factors of 24198?
2, 3, 37, 109
What are the prime factors of 36533?
7, 17, 307
What are the prime factors of 1821?
3, 607
List the prime factors of 21206.
2, 23, 461
List the prime factors of 45482.
2, 22741
What are the prime factors of 1099?
7, 157
What are the prime factors of 2406?
2, 3, 401
List the prime factors of 937.
937
List the prime factors of 4960.
2, 5, 31
List the prime factors of 9243.
3, 13, 79
What are the prime factors of 1242?
2, 3, 23
What are the prime factors of 791?
7, 113
What are the prime factors of 2581?
29, 89
What are the prime factors of 142085?
5, 157, 181
What are the prime factors of 518?
2, 7, 37
List the prime factors of 3065.
5, 613
What are the prime factors of 87899?
7, 29, 433
List the prime factors of 52052.
2, 7, 11, 13
List the prime factors of 1575.
3, 5, 7
What are the prime factors of 24327?
3, 17, 53
What are the prime factors of 1130?
2, 5, 113
What are the prime factors of 127128?
2, 3, 5297
What are the prime factors of 2922?
2, 3, 487
What are the prime factors of 126515?
5, 25303
List the prime factors of 2205.
3, 5, 7
What are the prime factors of 606?
2, 3, 101
List the prime factors of 970.
2, 5, 97
List the prime factors of 32854.
2, 16427
What are the prime factors of 5149?
19, 271
What are the prime factors of 3134?
2, 1567
List the prime factors of 181921.
109, 1669
What are the prime factors of 14520?
2, 3, 5, 11
List the prime factors of 27696.
2, 3, 577
List the prime factors of 865.
5, 173
List the prime factors of 33425.
5, 7, 191
List the prime factors of 5375.
5, 43
What are the prime factors of 44048?
2, 2753
List the prime factors of 2124.
2, 3, 59
What are the prime factors of 1057?
7, 151
List the prime factors of 157943.
59, 2677
List the prime factors of 1346.
2, 673
What are the prime factors of 3299?
3299
What are the prime factors of 75594?
2, 3, 43, 293
List the prime factors of 8972.
2, 2243
List the prime factors of 156.
2, 3, 13
List the prime factors of 6885.
3, 5, 17
What are the prime factors of 23979?
3, 7993
List the prime factors of 5002.
2, 41, 61
What are the prime factors of 1427?
1427
What are the prime factors of 624?
2, 3, 13
What are the prime factors of 4881?
3, 1627
List the prime factors of 18533.
43, 431
What are the prime factors of 2053?
2053
List the prime factors of 721.
7, 103
What are the prime factors of 1745?
5, 349
List the prime factors of 1451.
1451
List the prime factors of 61670.
2, 5, 7, 881
What are the prime factors of 1692?
2, 3, 47
List the prime factors of 22684.
2, 53, 107
What are the prime factors of 21618?
2, 3, 1201
What are the prime factors of 14021?
7, 2003
List the prime factors of 62996.
2, 15749
List the prime factors of 8189.
19, 431
List the prime factors of 1726.
2, 863
What are the prime factors of 52169?
13, 4013
List the prime factors of 17395.
5, 7, 71
List the prime factors of 930.
2, 3, 5, 31
List the prime factors of 2704.
2, 13
List the prime factors of 1381.
1381
What are the prime factors of 1094?
2, 547
What are the prime factors of 1218?
2, 3, 7, 29
What are the prime factors of 1098?
2, 3, 61
What are the prime factors of 2909?
2909
List the prime factors of 397.
397
What are the prime factors of 4811?
17, 283
List the prime factors of 26830.
2, 5, 2683
What are the prime factors of 946?
2, 11, 43
What are the prime factors of 4896?
2, 3, 17
What are the prime facto